ghest common factor of o and f?
14
Let g(x) be the second derivative of -x**5/20 + x**4/2 - x**3/3 - 13*x**2/2 + 93*x. Let m be g(3). Calculate the highest common divisor of 12 and m.
4
Let w = 4965 - 4780. Let l(u) = -u + 148. Let m be l(0). Calculate the highest common divisor of w and m.
37
Let q(f) = -9*f - 25. Let h be q(-6). Let w(a) = -4*a + 6*a + h*a**2 - a + 0*a. Let v be w(1). Calculate the highest common divisor of v and 6.
6
Let k = 15448 - 15414. Calculate the highest common factor of 833 and k.
17
Suppose s - 6*v = -5*v + 1986, -5*v = 2*s - 3986. Calculate the highest common divisor of 7 and s.
7
Let k(i) = 3*i + 91. Let u be k(0). Let r = u - 88. Suppose -4*m + 560 = r*m. What is the greatest common divisor of m and 32?
16
Let q(n) = -8*n**3 - 2*n**2 + 1. Let o be q(-1). Suppose o*w + 7*w = 42. Let y be (4/(-5))/(w*(-2)/60). Calculate the highest common factor of y and 12.
4
Let i(d) = 13*d + 44. Let s be i(-4). Let q(b) = 10*b**2 + 7*b + 37. Let l be q(s). Calculate the greatest common divisor of l and 23.
23
Suppose -257571 - 120642 = -73*u. What is the greatest common divisor of 66 and u?
33
Let n = 27 + -22. Suppose -5*f = -n*l - 605, -5*l + 77 = f - 32. Calculate the highest common divisor of f and 7.
7
Suppose 64*q - 3276 = 12*q. What is the greatest common divisor of q and 1413?
9
Let n(k) = 2*k + 47. Suppose 0 = q + 3*o - 5 + 1, 0 = 4*q - 4*o - 16. Suppose -80 = 8*t - q*t. Let c be n(t). What is the highest common factor of c and 1?
1
Suppose -5*s = 3*b - 5*b + 23, -b - 4*s = -5. Suppose -7*u = 23 + 54. Let p be (-9)/u + 57/11 + -5. What is the highest common divisor of p and b?
1
Let s(r) be the first derivative of -15*r**2/2 - 300*r - 457. Let u be s(-41). Let k = -32 + 77. What is the highest common factor of k and u?
45
Suppose -2588 + 636 = -2*c. Calculate the highest common factor of c and 671.
61
Let u be 1/((-2)/(-1330)) + 87 + -92. What is the greatest common factor of 240 and u?
60
Let z = -1801 + 1833. What is the greatest common factor of 1048 and z?
8
Suppose 112*p = 2007 + 9. What is the highest common factor of p and 3285?
9
Let l(s) = 3*s**2 + 387*s - 1341. Let a be l(-135). What is the greatest common factor of 117 and a?
9
Let z(d) = -38*d - 25. Let t be z(-1). Suppose 6*m = m + 420. Suppose -t*i = -7*i - m. What is the highest common factor of i and 154?
14
Let k be (-704)/6*1*-6. Let v be 17416/1568 - 81/756. What is the highest common divisor of v and k?
11
Suppose 76*z - 79*z - 6 = 0, 4*r + 2*z = 15928. What is the highest common factor of r and 7?
7
Let o be (-88)/(-5) + 2/5. Let i(c) = -24*c + 78 + 355*c**3 - 178*c**3 + 20*c**2 - 176*c**3 - c. Let r be i(-21). What is the highest common factor of o and r?
18
Suppose 2*n = -3*u + 2462 - 311, 5*u = 3*n - 3255. What is the highest common divisor of 3105 and n?
135
Suppose 2*c - 19 = -3*g - 6, 3*c = 4*g + 11. Let h be (-38)/c*(-11 + 1). Calculate the highest common factor of h and 95.
19
Let c be 136/(-5)*1800/(-480). Let h be (2/(-4))/((-2)/136). Calculate the greatest common factor of c and h.
34
Suppose -v + 3 = 1, 0 = -3*i + 2*v - 16. Let a = 52 - i. Let m = a + -47. What is the greatest common factor of 18 and m?
9
Suppose -3*t = v - 192, 2*t + 0*v - 2*v = 128. Suppose -3924 - 1404 = -333*z. What is the greatest common divisor of t and z?
16
Let g(l) = -l**3 - 12*l**2 + 18*l + 2. Let k be g(-16). Let s = k + -333. Calculate the highest common factor of 15 and s.
15
Let j = -15475 - -15486. What is the greatest common factor of 517 and j?
11
Suppose -5*t + 2*l = -365 - 305, -4*l = -t + 152. Let u = 22 - 10. What is the highest common factor of t and u?
12
Suppose 162 = 1262*x - 1259*x. Suppose -79 - 23 = -a. Let r = a - 66. Calculate the highest common factor of r and x.
18
Let u be -1 - (2*1 + (-92 - 12)). Let b = u - 63. What is the highest common divisor of b and 95?
19
Let w(k) = -2*k**2 + 60*k + 1. Let l be w(30). Let x be 3 + (-5880)/(-154) + 2/(-11). What is the greatest common factor of l and x?
1
Suppose 0 = c - 4*p - 1652, 157*c = 152*c - 2*p + 8128. Calculate the greatest common factor of 44 and c.
44
Let o be (-120)/180 + 1789/(-3). Let m = -275 - o. What is the highest common divisor of 14 and m?
14
Let g = 10704 - 10637. What is the highest common divisor of 2479 and g?
67
Suppose -5*w - 3*f + 218 = -1345, 0 = -2*w - 4*f + 628. Calculate the highest common factor of 3900 and w.
156
Let f(n) = 36*n**3 - n**2. Let l be f(1). Suppose 0 = 17*w - l - 475. Calculate the highest common divisor of 60 and w.
30
Let x(l) = 5*l - 270. Let m be x(55). What is the greatest common divisor of m and 3815?
5
Let j(n) = n**3 - 9*n**2 - 3*n - 10. Suppose 4*k = -r - 23 + 66, -3*r + 9 = 0. Let z be j(k). Let s = 50 + -30. What is the greatest common factor of s and z?
20
Suppose 14*z + 1453 = -787. Let p be z/(-6) - 350/(-150). Calculate the greatest common factor of 1276 and p.
29
Let o be ((-160)/(-12))/((-1)/144*-16). What is the greatest common divisor of o and 21540?
60
Let l(h) = -11*h - 98. Let c(f) = -21*f**2 + 4*f - 5. Let u be c(1). Let j be l(u). Calculate the highest common divisor of 27 and j.
9
Suppose -b - 21 = -2*b + 5*i, 2*i - 10 = 5*b. Let h be 7120/24 + (1 - b/(-6)). Let c be 22/(-1 + 14/3 + -3). Calculate the greatest common factor of h and c.
33
Suppose 5*k = 4*k + 6. Let h(x) = 513*x + 5178. Let q be h(-10). What is the greatest common divisor of q and k?
6
Suppose 76819 - 27988 = 41*g. Suppose 4*s - g = 3*v, 4*s - 5*v + 492 - 1677 = 0. Calculate the greatest common divisor of 75 and s.
75
Let r(q) = q + 34. Let g be r(16). Let z be (-51 + 57)*20/6. What is the highest common divisor of g and z?
10
Suppose 13 = -q - p + 59, -p = 2. What is the highest common divisor of q and 48?
48
Let k(n) = 3*n**2 + 10*n. Let j be k(-8). Suppose -63*v = -30*v - 528. Calculate the highest common factor of j and v.
16
Let v(n) = -527*n**3 + 3*n**2 + 4*n + 3. Let b be v(-2). Calculate the highest common divisor of b and 103.
103
Let t(x) = -19*x + 68. Let k be t(-8). Let n = 224 - k. What is the greatest common factor of 4 and n?
4
Let t = 282 + -275. Let y be 6 - (-244)/7 - (-1)/t. Calculate the highest common factor of 205 and y.
41
Suppose -5*s - 20*s = 600. Let y(u) = -u**2 - 21*u + 82. Let h be y(s). Calculate the highest common divisor of 55 and h.
5
Let u(k) = 6*k**3 - 5*k**2 + 3*k - 4. Let f be u(2). Suppose 6*o - 34 - 38 = 0. Let p be (9/(-2))/(o/(-16)). What is the greatest common divisor of p and f?
6
Suppose -61*g + 1880 = 50. Suppose 0 = 3*v + 3*n - 4*n - 783, -4*v - 4*n = -1028. Calculate the highest common divisor of v and g.
10
Suppose 4*v - 3076 = v - 5*r, 4148 = 4*v - 5*r. Calculate the greatest common divisor of v and 144.
24
Let t(c) = 108*c**3 - c**2 - 8*c + 9. Let f be t(1). Suppose 4*s - 4*n - 62 - 34 = 0, -f = -4*s + n. Calculate the greatest common factor of s and 42.
14
Let z = 257 + -245. Let u(s) = -s**3 + 14*s**2 - 12*s - 52. Let k be u(z). What is the highest common factor of k and 2?
2
Suppose -16*y + 18*y = -2*j + 254, y - 119 = 3*j. Suppose 3*m + 697 = 4*g, 4*g - 7*m = -2*m + 695. What is the greatest common factor of g and y?
25
Let g(j) = -j**3 + 54*j - 10. Let s be g(4). Suppose -2*w - 5*f = -133, 13*w + s = 15*w - 4*f. Calculate the greatest common factor of w and 69.
69
Suppose -3*c = 15 + 21. Let y = 23 - c. Calculate the highest common divisor of y and 105.
35
Suppose 5*p - 7*v = -9*v + 11, 5*p - 3*v = 21. Suppose -48 = p*y - 4*y. What is the highest common factor of 84 and y?
12
Let i(t) = -10*t**2 + 431*t - 22. Let f be i(42). What is the highest common factor of 616 and f?
88
Suppose 43*h - 308 - 292 = 31*h. What is the highest common factor of h and 21725?
25
Let m(d) = -d**2 - 16*d + 332. Let l be m(11). Let p = -2 + 7. Suppose -p*y - 4*b = -b - 16, -4*b = 2*y + 2. What is the highest common factor of l and y?
5
Let v(u) = -5*u**2 + 2*u**3 - 2*u**3 - 49 - 2*u**3 - 7*u + 29. Let i be v(-4). Calculate the highest common divisor of 140 and i.
28
Suppose 3*u - 12 = -w, 60*u - 6 = 57*u - 2*w. What is the highest common factor of u and 1143?
3
Let l(o) = 2*o - 2 + 131*o**2 - 125*o**2 - 2*o**3 + 2*o. Let g be l(3). Suppose 0 = -4*i + i + 120. What is the greatest common factor of i and g?
10
Let v be 2/(1/(-